980 + -4?
-2984
In base 7, what is 1442 - 50?
1362
In base 8, what is -1312 - 2502?
-4014
In base 12, what is -38715 + -5?
-3871a
In base 10, what is -56427 - -4?
-56423
In base 8, what is 51076 - -1?
51077
In base 7, what is 5 + -302311?
-302303
In base 14, what is 5 + 142245?
14224a
In base 13, what is -1 - 26762?
-26763
In base 7, what is 261323 - 13?
261310
In base 8, what is -6 + 47065?
47057
In base 7, what is -5604 + 1644?
-3630
In base 10, what is -23 + -43352?
-43375
In base 4, what is 3233032301 + 2?
3233032303
In base 3, what is -211 - -1222112?
1221201
In base 5, what is 331144402 - -4?
331144411
In base 2, what is 10111000111 + 101?
10111001100
In base 12, what is 5 + -357a?
-3575
In base 12, what is -21 - -2796?
2775
In base 10, what is -188 - 886?
-1074
In base 15, what is 933 + 105?
a38
In base 3, what is -12 - -200012000?
200011211
In base 3, what is -20 + 2021010?
2020220
In base 7, what is -5625 - 3122?
-12050
In base 8, what is -3564 - -122?
-3442
In base 8, what is -3133571 + -5?
-3133576
In base 2, what is 1 - -11100100101010?
11100100101011
In base 14, what is -4c950b - -3?
-4c9508
In base 3, what is 11 + 200210202020?
200210202101
In base 16, what is 5 + 8bf?
8c4
In base 2, what is -10 - -111010100101001?
111010100100111
In base 10, what is -130 + -6808?
-6938
In base 16, what is 1749 - -319?
1a62
In base 13, what is -5 + -7b90?
-7b95
In base 8, what is 4 + -57435?
-57431
In base 5, what is 10 - -103430304?
103430314
In base 15, what is -1052 + -67?
-10b9
In base 11, what is 1 + 459332?
459333
In base 9, what is 3 - -731663?
731666
In base 12, what is a3 - 90?
13
In base 8, what is -2172 + -112?
-2304
In base 2, what is -101 + 111000100100100?
111000100011111
In base 14, what is 470 + 29?
499
In base 12, what is -47848 + b?
-47839
In base 16, what is -3 + 377b0?
377ad
In base 16, what is -5e6 + 213?
-3d3
In base 3, what is -1002 - 10020121?
-10021200
In base 3, what is -10011111 + 1012020?
-1222021
In base 5, what is 22 - -41040?
41112
In base 2, what is -10 - 1101101100111111?
-1101101101000001
In base 10, what is 4 + -159423?
-159419
In base 2, what is -1001 - -100011011000101?
100011010111100
In base 13, what is 4 - 32879?
-32875
In base 7, what is -23035 - -31?
-23004
In base 7, what is -56421423 + 1?
-56421422
In base 5, what is -14320420 - -2?
-14320413
In base 15, what is 0 - -2a57?
2a57
In base 7, what is 201224 + 5?
201232
In base 10, what is -8529 - -174?
-8355
In base 13, what is -62421 + -3?
-62424
In base 9, what is 105 + 242?
347
In base 9, what is 178 - 563?
-374
In base 2, what is -1000001 + -10010001101?
-10011001110
In base 6, what is 5 - 131310?
-131301
In base 9, what is 353335 + -4?
353331
In base 15, what is -238 - c?
-245
In base 3, what is -1001221200 + -10220?
-1002002120
In base 15, what is -1aad30 - 2?
-1aad32
In base 8, what is 2 - -25275?
25277
In base 16, what is -7d + b4?
37
In base 9, what is -87372 + 3?
-87368
In base 8, what is -1 - 173652?
-173653
In base 7, what is 1 - -354624?
354625
In base 10, what is -4 + -17046?
-17050
In base 3, what is 101 - 2220110012?
-2220102211
In base 11, what is 3 + -5426?
-5423
In base 6, what is -14044 - 13?
-14101
In base 3, what is 112200021122012 + 0?
112200021122012
In base 13, what is -1 + 2cbacc?
2cbacb
In base 3, what is 111 - 12120221111?
-12120221000
In base 7, what is 1016 + 4310?
5326
In base 3, what is 0 - 1200220110?
-1200220110
In base 5, what is -120023444 + -1?
-120024000
In base 7, what is -113 - 546?
-662
In base 6, what is 1543 - 302?
1241
In base 8, what is -26 + -4760?
-5006
In base 8, what is 45 + 4347?
4414
In base 11, what is 9 - -59667?
59675
In base 10, what is 8 - -14892?
14900
In base 7, what is 14 + 4411?
4425
In base 12, what is -6 - 466aa?
-466b4
In base 9, what is -2440 + -44?
-2484
In base 13, what is -5 - -148cc?
148c7
In base 13, what is 2 - -a1a33?
a1a35
In base 2, what is 110 + -11100?
-10110
In base 4, what is 320200 - 32?
320102
In base 9, what is -42045 + -3?
-42048
In base 10, what is 1228 - 30?
1198
In base 5, what is -11243434 + 0?
-11243434
In base 12, what is -2768 + -4a?
-27b6
In base 6, what is 2354225 - 1?
2354224
In base 7, what is 22335 + 21?
22356
In base 12, what is -2 + 55290?
5528a
In base 11, what is 190 + 5946?
6026
In base 16, what is a3a + -4b?
9ef
In base 13, what is -1235 + 16?
-121c
In base 11, what is -72 + -8132?
-81a4
In base 14, what is 1 - b52d?
-b52c
In base 3, what is 112011201 - 201?
112011000
In base 8, what is -2 + 202524?
202522
In base 11, what is 25416 + -21?
253a5
In base 2, what is -1111010 + 1010010100001011?
1010010010010001
In base 6, what is 0 - -31531?
31531
In base 5, what is 40034 - -2312?
42401
In base 2, what is 1111001 - 110011001?
-100100000
In base 14, what is -76cc - 1?
-76cd
In base 11, what is -72 + -178?
-23a
In base 6, what is 300 + -23220?
-22520
In base 2, what is -1111000010110011010 + 1?
-1111000010110011001
In base 5, what is -1113323 - 101?
-1113424
In base 10, what is -1 + -66882?
-66883
In base 8, what is -601 + 26?
-553
In base 7, what is 30 + 20560?
20620
In base 3, what is -100010 + -221122?
-1021202
In base 15, what is 10 - -69a8?
69b8
In base 6, what is -5140 - 402?
-5542
In base 7, what is -5 + 126511?
126503
In base 6, what is 244313 - 41?
244232
In base 6, what is 451 + 544?
1435
In base 15, what is 71 + 27b?
2ec
In base 11, what is -13a0a + 30?
-1398a
In base 7, what is 2114325 + -5?
2114320
In base 4, what is -12 - -133322?
133310
In base 5, what is 12 + 1022020?
1022032
In base 8, what is -26267 + -112?
-26401
In base 8, what is 4001 + 13?
4014
In base 15, what is -478 + -5e?
-4d7
In base 6, what is -11 + 15311415?
15311404
In base 8, what is -304514 - -2?
-304512
In base 13, what is -2 - 13826?
-13828
In base 12, what is 20340a - 5?
203405
In base 13, what is -1a9a + c?
-1a8b
In base 15, what is -10e - 1ee?
-30d
In base 4, what is -2020033 - -23?
-2020010
In base 6, what is 4314120 + -4?
4314112
In base 10, what is -25887 - 123?
-26010
In base 13, what is -1 + -129cb?
-129cc
In base 3, what is 1102202202 - 10?
1102202122
In base 12, what is 1 - -3655?
3656
In base 8, what is -53241 - 5?
-53246
In base 12, what is 1a - 3554?
-3536
In base 8, what is -152 + 10000?
7626
In base 13, what is 651 + -499?
185
In base 13, what is 64 + -146?
-b2
In base 11, what is 3a9 + 1462?
1860
In base 6, what is 2 + 34502?
34504
In base 12, what is 746 - -1b2?
938
In base 5, what is 123044 + 323?
123422
In base 12, what is a6b9 - -5?
a702
In base 3, what is 12010120222 + 0?
12010120222
In base 11, what is 4575 - 32?
4543
In base 6, what is 0 - 3035355?
-3035355
In base 15, what is 20e5d + -a?
20e53
In base 7, what is -154410 - 2?
-154412
In base 10, what is -3746 - 69?
-3815
In base 2, what is 10000001011111111 - -100?
10000001100000011
In base 12, what is 10 - -3288a?
3289a
In base 6, what is 3212402 - -5?
3212411
In base 14, what is -189d4 + c?
-189c6
In base 5, what is 2321 + 1340?
4211
In base 7, what is -5 - 3435465?
-3435503
In base 14, what is -1c + -d856?
-d874
In base 12, what is 353 - -5071?
5404
In base 2, what is 1001 + 101100010101100?
101100010110101
In base 6, what is -23111 - 4?
-23115
In base 2, what is -100 + 1001110110110?
1001110110010
In base 12, what is -5 + 3769b?
37696
In base 14, what is 10dc3 + 5?
10dc8
In base 12, what is 4 + -21a95?
-21a91
In base 8, what is -305400 + 2?
-305376
In base 3, what is 101000101112 + 100?
101000101212
In base 9, what is 112502 + -2?
112500
In base 3, what is 11221112111 - -12?
11221112200
In base 12, what is -53 + -1647?
-169a
In base 16, what is 91 - 446?
-3b5
In base 4, what is 1013 - 20133232?
-20132213
In base 5, what is 400 + 1312221?
1313121
In base 2, what is 10101010100111010 - 10011?
10101010100100111
In base 15, what is 14 - 3c0?
-3ab
In base 11, what is 298 + -65?
233
In base 7, what is 4206 + 5?
4214
In base 12, what is -2 + 11353?
11351
In base 14, what is -ac5023 + -2?
-ac5025
In base 10, what is 6 - -134439?
134445
In base 14, what is -426 + d?
-417
In base 13, what is -2933 - 4?
-2937
In base 12, what is 0 + -6a0b?
-6a0b
In base 14, what is -15cb - 175?
-1762
In base 7, what is 304065 - -114?
304212
In base 14, what is a - 3701?
-36d5
In base 12, what is a44 - 1a0?
864
In base 8, what i